s divided by 61?
54
What is the remainder when 326924 is divided by 147?
143
What is the remainder when 1093370 is divided by 56?
26
Calculate the remainder when 714 is divided by 243.
228
Calculate the remainder when 32882 is divided by 10675.
857
What is the remainder when 3092 is divided by 36?
32
Calculate the remainder when 100417 is divided by 62.
39
Calculate the remainder when 1746 is divided by 1533.
213
What is the remainder when 17515 is divided by 63?
1
Calculate the remainder when 37762 is divided by 1639.
65
What is the remainder when 152961 is divided by 36?
33
Calculate the remainder when 4036 is divided by 1953.
130
Calculate the remainder when 1940 is divided by 383.
25
Calculate the remainder when 1810564 is divided by 209.
206
Calculate the remainder when 25689 is divided by 702.
417
What is the remainder when 11806 is divided by 191?
155
Calculate the remainder when 100991 is divided by 250.
241
What is the remainder when 585902 is divided by 36617?
30
What is the remainder when 46417 is divided by 91?
7
What is the remainder when 97931 is divided by 340?
11
What is the remainder when 83030 is divided by 83030?
0
What is the remainder when 1881465 is divided by 1861?
1855
Calculate the remainder when 128008 is divided by 16001.
0
Calculate the remainder when 1674 is divided by 45.
9
Calculate the remainder when 911753 is divided by 2320.
2313
What is the remainder when 6903 is divided by 22?
17
Calculate the remainder when 14782 is divided by 336.
334
What is the remainder when 18452 is divided by 71?
63
What is the remainder when 99940 is divided by 49954?
32
What is the remainder when 18056 is divided by 220?
16
What is the remainder when 1555454 is divided by 196?
194
Calculate the remainder when 40786 is divided by 20368.
50
What is the remainder when 31887 is divided by 138?
9
Calculate the remainder when 484988 is divided by 177.
8
Calculate the remainder when 59668 is divided by 591.
568
Calculate the remainder when 6622 is divided by 49.
7
Calculate the remainder when 25154 is divided by 1568.
66
What is the remainder when 1513 is divided by 73?
53
What is the remainder when 126369 is divided by 706?
701
Calculate the remainder when 13184 is divided by 600.
584
Calculate the remainder when 179744 is divided by 173.
170
What is the remainder when 6096 is divided by 1999?
99
What is the remainder when 6391294 is divided by 1387?
1385
Calculate the remainder when 1608 is divided by 380.
88
What is the remainder when 212263 is divided by 11?
7
Calculate the remainder when 29403 is divided by 2194.
881
Calculate the remainder when 29169 is divided by 512.
497
Calculate the remainder when 51361 is divided by 97.
48
Calculate the remainder when 4429 is divided by 1408.
205
Calculate the remainder when 6222 is divided by 3.
0
What is the remainder when 33092 is divided by 24?
20
What is the remainder when 2485 is divided by 43?
34
Calculate the remainder when 10578 is divided by 212.
190
Calculate the remainder when 142293 is divided by 306.
3
Calculate the remainder when 14033 is divided by 130.
123
What is the remainder when 1173256 is divided by 220?
216
What is the remainder when 12157 is divided by 1736?
5
What is the remainder when 2991 is divided by 532?
331
What is the remainder when 834 is divided by 319?
196
What is the remainder when 184309 is divided by 102?
97
What is the remainder when 50953 is divided by 43?
41
What is the remainder when 306779 is divided by 20?
19
What is the remainder when 4686 is divided by 2341?
4
Calculate the remainder when 450791 is divided by 10.
1
Calculate the remainder when 52313 is divided by 30.
23
Calculate the remainder when 42177 is divided by 143.
135
What is the remainder when 211574 is divided by 38?
28
Calculate the remainder when 167281 is divided by 13.
10
Calculate the remainder when 464168 is divided by 1934.
8
Calculate the remainder when 20553 is divided by 36.
33
What is the remainder when 6913 is divided by 6885?
28
Calculate the remainder when 340566 is divided by 75.
66
What is the remainder when 23857 is divided by 68?
57
Calculate the remainder when 1982 is divided by 524.
410
What is the remainder when 231023 is divided by 25?
23
Calculate the remainder when 125917 is divided by 976.
13
Calculate the remainder when 1562715 is divided by 28.
7
What is the remainder when 55590 is divided by 19?
15
Calculate the remainder when 9137 is divided by 77.
51
Calculate the remainder when 15660 is divided by 580.
0
Calculate the remainder when 1039 is divided by 113.
22
Calculate the remainder when 8164 is divided by 195.
169
Calculate the remainder when 11156 is divided by 93.
89
What is the remainder when 48971 is divided by 173?
12
Calculate the remainder when 87292 is divided by 395.
392
Calculate the remainder when 2334 is divided by 1156.
22
Calculate the remainder when 10687 is divided by 679.
502
Calculate the remainder when 12122 is divided by 1036.
726
Calculate the remainder when 14232 is divided by 226.
220
Calculate the remainder when 485 is divided by 273.
212
Calculate the remainder when 72039 is divided by 17988.
87
What is the remainder when 33015 is divided by 22?
15
What is the remainder when 189557 is divided by 170?
7
What is the remainder when 18998 is divided by 387?
35
Calculate the remainder when 562363 is divided by 16.
11
Calculate the remainder when 14477 is divided by 107.
32
What is the remainder when 790 is divided by 140?
90
What is the remainder when 19275 is divided by 61?
60
Calculate the remainder when 5933 is divided by 2963.
7
What is the remainder when 307238 is divided by 153612?
14
Calculate the remainder when 819524 is divided by 147.
146
Calculate the remainder when 45613 is divided by 29.
25
Calculate the remainder when 9653 is divided by 228.
77
What is the remainder when 4351 is divided by 40?
31
What is the remainder when 1221 is divided by 172?
17
What is the remainder when 40495 is divided by 779?
766
Calculate the remainder when 3364 is divided by 7.
4
Calculate the remainder when 6450253 is divided by 45.
43
Calculate the remainder when 2555 is divided by 641.
632
Calculate the remainder when 13281 is divided by 15.
6
Calculate the remainder when 92273 is divided by 91.
90
What is the remainder when 812 is divided by 790?
22
What is the remainder when 17935 is divided by 37?
27
Calculate the remainder when 2523 is divided by 1218.
87
What is the remainder when 2657 is divided by 42?
11
Calculate the remainder when 2732 is divided by 229.
213
What is the remainder when 4495 is divided by 345?
10
Calculate the remainder when 1999 is divided by 105.
4
What is the remainder when 75178 is divided by 33?
4
What is the remainder when 1705 is divided by 251?
199
Calculate the remainder when 428869 is divided by 113.
34
What is the remainder when 10771 is divided by 93?
76
Calculate the remainder when 493364 is divided by 164454.
2
Calculate the remainder when 3763 is divided by 549.
469
What is the remainder when 63363 is divided by 15?
3
What is the remainder when 1597 is divided by 11?
2
What is the remainder when 281099 is divided by 16?
11
What is the remainder when 35309 is divided by 174?
161
What is the remainder when 7961 is divided by 348?
305
Calculate the remainder when 20717 is divided by 48.
29
What is the remainder when 96571 is divided by 48257?
57
Calculate the remainder when 9260 is divided by 1539.
26
Calculate the remainder when 51762 is divided by 25837.
88
What is the remainder when 247 is divided by 6?
1
Calculate the remainder when 23617 is divided by 2442.
1639
Calculate the remainder when 7362 is divided by 82.
64
Calculate the remainder when 312526 is divided by 48.
46
What is the remainder when 5182 is divided by 27?
25
What is the remainder when 1405 is divided by 14?
5
What is the remainder when 4737 is divided by 58?
39
What is the remainder when 81414 is divided by 354?
348
What is the remainder when 29930 is divided by 37?
34
Calculate the remainder when 2663 is divided by 788.
299
Calculate the remainder when 181812 is divided by 702.
696
Calculate the remainder when 19934 is divided by 243.
8
Calculate the remainder when 1882 is divided by 412.
234
Calculate the remainder when 3081 is divi